{"id":13,"date":"2017-04-14T08:40:17","date_gmt":"2017-04-14T08:40:17","guid":{"rendered":"http:\/\/test.sz-faulbach.de\/?page_id=13"},"modified":"2020-04-07T14:20:30","modified_gmt":"2020-04-07T14:20:30","slug":"wir-ueber-uns","status":"publish","type":"page","link":"https:\/\/sz-faulbach.de\/?page_id=13","title":{"rendered":"Wir \u00fcber uns"},"content":{"rendered":"\n<p class=\"has-large-font-size\">Hallo zusammen,<\/p>\n\n\n\n<p class=\"has-medium-font-size\">wir sind der Spielmannszug Faulbach und kommen, wie es unser Name schon verr\u00e4t aus dem wundersch\u00f6nen \u00d6rtchen Faulbach am Main.<\/p>\n\n\n\n<p class=\"has-medium-font-size\">F\u00fcr alle Besucher unserer Homepage, denen der Ort Faulbach kein Begriff ist, hier eine kurze Vorstellung. Faulbach ist eine Gemeinde in Unterfranken, gelegen im Maintal im sogenannten Main-Viereck. Die meisten Faulbacher w\u00fcrden sagen, \u201eFaulbach liegt zwischen W\u00fcrzburg und Frankfurt\u201c. Umgeben von wundersch\u00f6nen Wiesen, W\u00e4ldern und Feldern und eingerahmt von den \u201eBergchen\u201c Riegelstein und Heckenkopf, ist ein Besuch von Faulbach auf jeden Fall eine Reise wert. Gemeinsam mit unserem Ortsteil Breitenbrunn nennen ca. 2500 Einwohnern Faulbach ihre Heimat, womit unser Ort eigentlich gar nicht so klein ist. &#x1f609;<\/p>\n\n\n\n<p class=\"has-medium-font-size\">Aber nun genug von Faulbach und noch ein Paar Worte zu uns.<\/p>\n\n\n\n<p class=\"has-medium-font-size\">Der Spielmannszug Faulbach e.V. wurde im Jahr 2000 neu gegr\u00fcndet und entspringt urspr\u00fcnglich einer Abteilung des Turnverein Faulbachs. Seit der Neugr\u00fcndung proben die Mitglieder des Spielmannszugs jeden Freitagabend flei\u00dfig im Probelokal (Elefantenhaus) diverse M\u00e4rsche, Konzertst\u00fccke und andere Musikst\u00fccke, um diese an den verschiedensten Anl\u00e4ssen vorzutragen. Zu den Auftritten des Spielmannszugs z\u00e4hlen Festz\u00fcge, Gastbesuche bei befreundeten Vereinen, Weihnachtskonzerte, seit 2016 unsere j\u00e4hrliche Sommerserenade und andere festliche Anl\u00e4sse. Seit wir ein eigenst\u00e4ndiger Verein geworden sind, hat sich auch noch vieles andere im Verein bewegt. Vor \u00fcber 10 Jahren haben einige Mitglieder des Spielmannszugs eine Musikkapelle als Untergruppe des Spielmannszugs gegr\u00fcndet und begeistern seitdem auf vielen Fr\u00fchschoppen oder Bierabenden das Publikum mit B\u00f6hmischer und M\u00e4rischer Blasmusik und dem ein oder anderen Walzer. Auch im Jugendbereich ist der Spielmannszug nicht unt\u00e4tig geblieben und hat mit der Gr\u00fcndung einer eigenen Musikschule vielen Kindern und Jugendlichen die M\u00f6glichkeit geschaffen ein Musikinstrument zu erlernen. Von Querfl\u00f6te, Trompete, Trommel \u00fcber Gitarre bis hin zur Tuba ist f\u00fcr jeden Geschmack etwas dabei.<\/p>\n\n\n\n<p class=\"has-medium-font-size\">Wer sich gerne einmal live einen Eindruck von unserem Verein verschaffen m\u00f6chte, ist gerne eingeladen uns bei einem unserer Auftritte zu besuchen. Im Terminkalender auf unserer Homepage findet Ihr alle Veranstaltungen.<\/p>\n\n\n\n<p class=\"has-medium-font-size\">Sollte jemand danach die Lust zum Musizieren versp\u00fcren, egal welchen Alters, so darf er gern mit uns Kontakt aufnehmen. Wir freuen uns immer \u00fcber neue Musiker in unseren Reihen.<\/p>\n\n\n\n<p class=\"has-medium-font-size\">Die besten musikalischen Gr\u00fc\u00dfe<\/p>\n\n\n\n<p class=\"has-medium-font-size\">Euer Spielmannszug Faulbach e.V.<\/p>\n","protected":false},"excerpt":{"rendered":"<p>Hallo zusammen, wir sind der Spielmannszug Faulbach und kommen, wie es unser Name schon verr\u00e4t aus dem wundersch\u00f6nen \u00d6rtchen Faulbach am Main. F\u00fcr alle Besucher unserer Homepage, denen der Ort Faulbach kein Begriff ist, hier eine kurze Vorstellung. Faulbach ist eine Gemeinde in Unterfranken, gelegen im Maintal im sogenannten Main-Viereck. Die meisten Faulbacher w\u00fcrden sagen, &hellip; <a href=\"https:\/\/sz-faulbach.de\/?page_id=13\" class=\"more-link\"><span class=\"screen-reader-text\">Wir \u00fcber uns<\/span> weiterlesen<\/a><\/p>\n","protected":false},"author":1,"featured_media":0,"parent":0,"menu_order":0,"comment_status":"closed","ping_status":"closed","template":"","meta":[],"_links":{"self":[{"href":"https:\/\/sz-faulbach.de\/index.php?rest_route=\/wp\/v2\/pages\/13"}],"collection":[{"href":"https:\/\/sz-faulbach.de\/index.php?rest_route=\/wp\/v2\/pages"}],"about":[{"href":"https:\/\/sz-faulbach.de\/index.php?rest_route=\/wp\/v2\/types\/page"}],"author":[{"embeddable":true,"href":"https:\/\/sz-faulbach.de\/index.php?rest_route=\/wp\/v2\/users\/1"}],"replies":[{"embeddable":true,"href":"https:\/\/sz-faulbach.de\/index.php?rest_route=%2Fwp%2Fv2%2Fcomments&post=13"}],"version-history":[{"count":4,"href":"https:\/\/sz-faulbach.de\/index.php?rest_route=\/wp\/v2\/pages\/13\/revisions"}],"predecessor-version":[{"id":604,"href":"https:\/\/sz-faulbach.de\/index.php?rest_route=\/wp\/v2\/pages\/13\/revisions\/604"}],"wp:attachment":[{"href":"https:\/\/sz-faulbach.de\/index.php?rest_route=%2Fwp%2Fv2%2Fmedia&parent=13"}],"curies":[{"name":"wp","href":"https:\/\/api.w.org\/{rel}","templated":true}]}}